+ 490. What are the prime factors of f?
97
Suppose -54*t - 69*t + 1770513 = -819621. List the prime factors of t.
2, 10529
Suppose 389 - 444 = -5*j. What are the prime factors of (5 - (-4 + j)) + 21?
19
Let p be (-1)/(-6) + 4592/96. What are the prime factors of (2 - -36)*p/6?
2, 19
Let q be (-20)/60 + 4496/6. Let x = -111 + q. What are the prime factors of x?
2, 11, 29
Suppose -14 - 71 = -5*o. Suppose 5 = -3*a - 7. List the prime factors of o + (-3 - 0/a).
2, 7
Let o = 9112 - 6968. List the prime factors of o.
2, 67
List the prime factors of (-9 - -17)/48 - (0 - 286539/18).
15919
Suppose 43*j - 9*j - 294714 = 20*j. What are the prime factors of j?
3, 2339
Let t = -27 + 32. Suppose -l = -t*l + 736. Let w = l - 14. List the prime factors of w.
2, 5, 17
List the prime factors of (10/24)/(187/25983276).
5, 11579
Let a(l) be the third derivative of -l**6/40 - l**5/10 - 3*l**4/8 - 17*l**3/6 - 46*l**2. What are the prime factors of a(-6)?
7, 67
Suppose -5*v + 491*s = 488*s - 406069, -4*v + 2*s = -324856. What are the prime factors of v?
5, 37, 439
Let t be 26/(-117) + (-5)/(90/(-55444)). Let z = t + -2171. What are the prime factors of z?
3, 101
Let s(l) = 2*l**3 - 12*l**2 + 9*l - 1. Let r be s(5). List the prime factors of (-5 - r)/(2/844).
2, 211
Suppose 4*z - 4 = 5*l, l + 4*z - 6*z + 2 = 0. List the prime factors of (-11)/44*(-2283 + (l - 1)).
571
What are the prime factors of ((-9)/36*2)/(3*(-6)/2593476)?
61, 1181
Let p = 108065 - 63927. List the prime factors of p.
2, 29, 761
Suppose 12 = 4*a + 8. What are the prime factors of -201*2*5/(-15)*a?
2, 67
What are the prime factors of (-18940)/(-7)*8*735/240?
2, 5, 7, 947
Let l(d) = d**2 - 5*d + 32. Suppose -3*w = -0 + 6. Let m be w/(40/(-212)) + 4/10. What are the prime factors of l(m)?
2, 7
Let b = -8887 + 16685. What are the prime factors of b?
2, 7, 557
Suppose t + 5*n = 14, 0 = 3*t - 3*n - 2*n - 2. Let h = -71 + 74. Suppose 0 = k - 4*x + 5, -50 = k - h*k - t*x. What are the prime factors of k?
3, 5
Suppose -3*k - 3*q = -0*q + 60, 0 = -k - 2*q - 25. List the prime factors of k + 49/7 + 1079.
3, 7, 17
List the prime factors of (4407/(-78) - -21)/((-2)/372).
3, 31, 71
Suppose -g + c = -9103, -5*g + 0*c + 45529 = 2*c. Suppose g = 7*q + 8*q. What are the prime factors of q?
607
Let y(b) = -1005*b + 1196. List the prime factors of y(-33).
34361
What are the prime factors of 173*1146/((-126)/(-21))?
173, 191
Let j = -2868 + 4475. List the prime factors of j.
1607
Suppose 20 - 35 = -15*d. List the prime factors of 749 + -6*d/(-3).
751
Suppose 4*p = -5*q - 0*q + 45, 4*q = 4*p. Suppose 5*v + 5*z = -9 - 21, 0 = 5*v - q*z. What are the prime factors of v + 2 - (-64 - 0)?
3, 7
Suppose 5*g - 69 = 3*b - 15, 0 = 3*b + 9. Suppose 5*s - 12*d - 2014 = -g*d, 0 = -3*d + 6. What are the prime factors of s?
2, 101
Suppose -5*b = 1 - 11. Suppose -b*i = 3 - 41. What are the prime factors of (-3 - i*-9) + 2?
2, 5, 17
Let k = 2384 - 1141. Suppose 2*r = -487 + k. What are the prime factors of r?
2, 3, 7
Suppose 189*k - 494792 = 573436. What are the prime factors of k?
2, 3, 157
Let m = -327 + 1800. What are the prime factors of m?
3, 491
Suppose 0 = j + x + 10, 0 = -j + 52*x - 49*x + 2. Let o(z) = 14*z**2 + 55*z + 16. List the prime factors of o(j).
317
Suppose -228*r + 227*r = -4. Let k be ((-12)/3 - -10)*2/r. Suppose k*d - 2*d - 28 = 0. What are the prime factors of d?
2, 7
Let m = 15 - 30. Let f be ((-102)/15)/(1/m). Suppose -3*j - f + 561 = 0. List the prime factors of j.
3, 17
Let b(f) = -f**3 + 4*f**2 + 3*f + 11. Let j be b(5). Let x be j/(351/(-87) + 4). Let l = 41 + x. List the prime factors of l.
2, 3
Let d = 2807 + -1956. Suppose 6*t - d = 1021. What are the prime factors of t?
2, 3, 13
Let u be 1*46/(-4)*18*-6. Suppose -13*f + 9054 = -u. What are the prime factors of f?
2, 3, 11
Suppose 10 = 3*h - 5. Suppose 4 = 4*n - h*n. What are the prime factors of 4100/52 + n/(-26)?
79
Let s(n) = 175*n**3 + 13*n**2 + 3*n - 9. Let o(l) = 349*l**3 + 26*l**2 + 8*l - 16. Let a(y) = -4*o(y) + 7*s(y). List the prime factors of a(-1).
2, 5, 17
Let k be (-48)/(-10)*(-1 + (-108)/(-8)). Suppose -8*a - k = -3*a. Let y = a + 100. List the prime factors of y.
2, 11
Let t(q) = -2*q**3 + 11*q**2 + 14*q + 9. Let y(l) = l**2 - 21*l + 75. Let i be y(5). List the prime factors of t(i).
2, 29
Let m(k) = 307*k - 267. Let d be m(-6). Let j = d + 3421. What are the prime factors of j?
2, 41
Suppose 5*v + k = 66262, 7*v = 6*v + 15*k + 13222. List the prime factors of v.
2, 3313
Let n be 48 - (0/(-1))/(-1). Suppose 3*q - 5*c = n, q + 3*c - c - 16 = 0. What are the prime factors of q?
2
Suppose -191*h - 646190 + 2056152 = 0. List the prime factors of h.
2, 3691
Let w be ((-7)/(-2))/(5/560). Let c be (-5)/3 + 1 - w/(-21). Suppose c*v = 17*v + 141. What are the prime factors of v?
3, 47
Suppose -5*b + 863520 = 10*b. List the prime factors of b/160 - 8/10.
359
Let i be (-3)/(-6) - (66/(-4) + 3). Let l be (-4)/14 - (-4)/i. Let o = l - -34. What are the prime factors of o?
2, 17
Suppose -i - 527 = 443. Let n = 1500 + i. Let h = n + -344. List the prime factors of h.
2, 3, 31
Suppose 5*f = 4*p + 14599, f - 6*p - 2924 = -p. List the prime factors of f.
3, 7, 139
Suppose -2*i + 1477 + 25745 = i. List the prime factors of i.
2, 13, 349
List the prime factors of ((-348)/(-9))/(((-10)/(-342))/((-10450)/(-660))).
2, 19, 29
Suppose 3*s = 5*z + 591, -24*z = 3*s - 19*z - 621. Let k be 1/(-3) + (-251)/3. Let w = s + k. What are the prime factors of w?
2, 59
Let b be (-21)/(-12) + (84/16 - 5). Let m(v) = -v**2 - v - 1. Let s(d) = -d**2 - 26*d + 2. Let z(f) = b*m(f) - s(f). List the prime factors of z(8).
2, 31
Let g = 106 + -63. Let m = g + -38. Suppose 5*z - 300 = -3*k, 3*z - m*k = 116 + 30. What are the prime factors of z?
3, 19
Let g(d) = -90*d - 12. Let f be g(-4). Suppose -358*x = -f*x - 9330. What are the prime factors of x?
3, 311
Let l = 4 + 8. Let v be (2/((-8)/6))/((-9)/l). Suppose p + 72 = 2*h, 0 = -6*h + v*h + p + 146. List the prime factors of h.
37
Let h(i) = 206*i - 64 - 141*i + 172*i. List the prime factors of h(4).
2, 13, 17
Let q = -24725 - -60487. What are the prime factors of q?
2, 17881
Suppose 11*h = -2*h + 39. Suppose -2*l - 792 = -h*j - 0*l, 3*j + 3*l - 792 = 0. List the prime factors of j.
2, 3, 11
Let c(i) = 7*i**2 - 7*i - 26. Let y be c(8). Let g = y + 65. What are the prime factors of g?
431
Suppose 0 = 3*a - 5*x - 988 - 346, -1782 = -4*a + 5*x. Let m = a - -359. What are the prime factors of m?
3, 269
Let a(f) = -f**3 + f. Let x(i) = 3*i**3 - i**2 - 4*i. Let g(n) = -4*a(n) - x(n). Let l be g(1). What are the prime factors of (-16*1)/(l/(-4))?
2
Let z(d) = d**3 + 29*d**2 + 28*d + 86. Let v be z(-21). Let h = 4865 - v. List the prime factors of h.
3, 613
Let b = 168 - 165. Suppose 0 = r - f - 356, -4*r + 5*r - b*f = 346. List the prime factors of r.
19
Suppose -705794 = -47*n - 157445. List the prime factors of n.
3, 3889
Suppose -44*z = -56*z - 7140. What are the prime factors of 7 - 4 - z - -2?
2, 3, 5
Suppose 14*p - 92974 - 14770 = 0. What are the prime factors of p?
2, 13, 37
Suppose 212 - 222 = 2*y. Let r be (-6)/(-10) - 57/(-5). List the prime factors of 1618/r - y/30.
3, 5
What are the prime factors of (506 - 507)/(-2 - 118289/(-59145))?
3, 5, 3943
Suppose 1935743 = 113*u + 293966. List the prime factors of u.
3, 29, 167
Let c(q) = 96*q**3 - 2*q**2 - 73*q + 598. What are the prime factors of c(7)?
32917
Let o(q) = q**3 + 5*q**2 - 8*q. Let h be o(-6). Suppose -15*r + 17*r = h. List the prime factors of (-1)/(r/(-747))*(-10)/(-15).
83
Let t(z) = -12*z**3 + z**2 - 1. Let p be t(2). Suppose -2*v - 3*v = -730. Let f = p + v. List the prime factors of f.
53
Suppose 3*j - 3 = 3. Suppose 45*f - 42*f - 12 = 0. Suppose j = -0*g - g, 2*g = f*w - 180. List the prime factors of w.
2, 11
Suppose 31 = 12*b - 5. Suppose -12 = -2*p - p, -4*p = -b*z - 1. Suppose -2*m + 1484 = z*m. List the prime factors of m.
2, 53
Let g = 25099 + -15283. What are the prime factors of g?
2, 3, 409
Let l(x) = -22*x**3 + 4*x**2 + 2*x + 2. Let u(y) = 6*y + 16. Let h be u(-2). Suppose 5*s + 1 = -2*j + 22, h*s - 16 = -2*j. What are the prime factors of l(j)?
2, 5, 19
Let k = 2829 - -6213. What are the prime factors of k?
2, 3, 11, 137
Let a be (-5)/(40/(-12)) - (-6)